Suppose l - 5*l = -20. What is the units digit of l?
5
Suppose -85 = -5*n + 2*r, -10 = -2*n + 3*n + 5*r. Let f = n + -27. What is the units digit of 6/5*(-40)/f?
4
What is the hundreds digit of 277 + (-5 - (4 + -7 - -1))?
2
Let i(u) = -3*u + 5. Let m be i(4). Let n = 1 - m. What is the units digit of n?
8
Suppose 2*n - 2*t = 14, 3*n - n - 39 = -3*t. Let s = n + -5. What is the units digit of s?
7
Let b(r) = -r**2 + 5*r - 3. What is the units digit of b(2)?
3
Let k(s) = -243*s + 4. What is the units digit of k(-1)?
7
Let p(l) = -5*l + 8. Let x(u) = -11*u + 15. Let k(m) = 9*p(m) - 4*x(m). What is the units digit of k(7)?
5
Let o = 1 + -1. Let z be (-105)/(-25) - 1/5. Suppose -2*l - 2*l + z = o. What is the units digit of l?
1
Let t(n) = n**3 - 5*n**2 + n - 3. What is the units digit of t(5)?
2
What is the tens digit of (-35)/175 - (-336)/5?
6
Let c = 71 + 195. What is the hundreds digit of c?
2
Let s(t) be the second derivative of -t**4/12 + 2*t**3/3 + t**2 + t. Let p be s(4). Suppose 0 = p*g - 5*g + 21. What is the units digit of g?
7
What is the units digit of (7/(126/6))/((-1)/(-507))?
9
Let p(t) = -t**2 - 8*t - 2. Let d(g) = g**2 - 6*g + 1. Let j be d(4). What is the units digit of p(j)?
5
Suppose 4*w - 5*w - 4*p = 15, 0 = -w + 5*p + 12. Let u = 1 - w. What is the units digit of u?
4
Suppose 5*u - 5*v + 17 = -38, 5*u + 5*v = -5. Let a be 16/64 - (-39)/4. Let f = u + a. What is the units digit of f?
4
What is the units digit of (-6)/4 - (-477)/6?
8
Let y be (1 - 0)/(1 - 0). Let p(t) = -26*t - 3. Let h(o) = -39*o - 4. Let d(r) = -5*h(r) + 7*p(r). What is the tens digit of d(y)?
1
Suppose 5*c = c. Let w = c - -4. What is the units digit of w?
4
Suppose 8 = 2*l + l + 4*d, -l = -d + 2. Suppose -3*t - 3*u = -39, 4*u - 67 = -l*t - 5*t. Suppose -1 - t = -4*o. What is the units digit of o?
4
Let g(x) = -20*x - 22. What is the hundreds digit of g(-11)?
1
Let o(a) = 165*a**3 + a**2 - a. Let k be o(1). Let j = -105 + k. Suppose -v = 4*v - j. What is the tens digit of v?
1
Let v = 8 - 2. Suppose v*u - u = 3*l - 34, -3*u = l - 2. What is the units digit of l?
8
Let y = 103 + -39. Suppose b - 8 = -3*m + 6*m, 0 = 3*b + m - y. What is the units digit of b?
0
Let q = -159 + 187. What is the units digit of q?
8
Suppose 0 = 2*o + 2*b - 18, 3*b + 5 = -o + 22. Suppose 0 = 2*k - o*s - 5, 3*k = 8*k + 3*s - 59. What is the tens digit of k?
1
What is the tens digit of 124 + (-7)/((-21)/(-9))*1?
2
Let y = 44 - -14. Suppose -25 = -5*x, -f = -x + 12 - y. What is the tens digit of f?
5
Let v be 28/(-5) - 4/10. What is the units digit of (-3)/(-2)*(-8)/v?
2
Let r(u) = u**3 + 7*u**2 - 10*u. Let s = -5 - 3. What is the tens digit of r(s)?
1
Let s be 0/3 + (-1 - -1). Suppose -3*v + 2*b + b = -12, -2*v + 4*b + 6 = s. Suppose 28 = -3*f + v*f. What is the tens digit of f?
1
Let d = -175 - -359. What is the tens digit of d?
8
Let m be (-4)/6 - (-16)/6. What is the units digit of ((-1)/m)/(4/(-32))?
4
Let q = -218 - -324. Suppose 3*j = j + q. What is the units digit of j?
3
Suppose -2*l = -s - 8, -4*l - 53 = 5*s - l. Suppose a = 0, -i - 2*i + 63 = -4*a. Let u = i + s. What is the units digit of u?
1
What is the tens digit of (4 + -2 + 0)/((-2)/(-17))?
1
Let d(l) = l**3 - 11*l**2 - 34*l + 14. What is the units digit of d(14)?
6
Suppose -5*l = -2*n - 2*n + 22, 0 = 3*n + l - 7. Let w be (-12)/42 - (-46)/14. Suppose -4*f + 5*r = -90, -w*f = -n*r - 22 - 44. What is the tens digit of f?
2
Let n(h) = 1 + 2 + 2*h - 3 + 1 + 7*h**2. What is the tens digit of n(-2)?
2
Let c(s) = -4*s + 4. Let f be c(-3). Suppose 0 = -2*r - 4*o, r = 3*o - 4 - f. Let a = 20 + r. What is the units digit of a?
2
Let a(l) = -l + 16. Let k be a(10). Let n be -24*((-45)/k)/5. Suppose 0 = -3*u + u - 10, -4*u = 4*p - n. What is the units digit of p?
4
Let w = -4 - -4. Suppose h = -q + 13, 4*q + w*q - 4 = 0. What is the units digit of h?
2
Let p be -9*24/9*-1. Suppose 4*q - m - p = 0, -2*q + 6*q = -3*m + 24. What is the units digit of q?
6
Let o = 51 - 13. Let n = o + -13. What is the units digit of n?
5
Let i(m) = -1. Let f(h) = h. Let v be f(-2). Let d(o) = -2*o + 14. Let g(l) = v*d(l) - 28*i(l). What is the units digit of g(2)?
8
Suppose 19 = y - 4. What is the units digit of y?
3
Suppose 2*j + 2*j + 88 = 0. Let y = 35 + j. What is the units digit of y?
3
Let u(j) = 2*j**2 + 3*j - 3. Let v be u(-3). Let q(f) = 4*f + 2. Let z be q(4). Suppose v = 3*g - z. What is the units digit of g?
8
Let g = 537 + -287. What is the hundreds digit of g?
2
Suppose 6*o - 3 = 5*o. Let x be (o/2)/((-9)/(-12)). Suppose -q = x*q - 4*w - 34, -3*q - 3*w + 6 = 0. What is the units digit of q?
6
Suppose -2*y - 3*y + 5*n + 925 = 0, -5*y + 3*n + 919 = 0. What is the hundreds digit of y?
1
Let t(h) = 2*h**2 - 7 + 4*h + 0*h**2 + 6*h**2 + 0 + h**3. Let i be t(-7). Suppose -2*k + 19 = q, 5*k + q - 60 + i = 0. What is the units digit of k?
9
Let o = -8 + 31. Suppose 4*q - 5*z = 11 + 38, -2*q + o = -z. What is the tens digit of q?
1
Suppose 3*n - n - 30 = 0. Suppose -3*u = 0, 2*u - n = -4*q + q. Let j = q + 7. What is the units digit of j?
2
Let s be 4/(-3) + 4/(-6). Let p be (2/3)/(2/9). Let a = s + p. What is the units digit of a?
1
Let b = 1 + -5. Let x(q) = -6*q - 1. What is the tens digit of x(b)?
2
Let u(o) = o**2 - 4*o + 1. Let g be u(4). What is the units digit of (0 - -1)*6*g?
6
Let q(o) = o**3 + o. Let z(h) = 5*h**3 - 5*h**2 + 9*h - 6. Let m(c) = 4*q(c) - z(c). Let n be m(4). What is the units digit of (2 + -3)/(n/(-6))?
3
Suppose -8 = -2*t - 40. What is the units digit of (-3)/(-4) + (-308)/t?
0
Let v(d) = 4*d + 3. Let q(g) = 5*g + 3. Let k(w) = 2*q(w) - 3*v(w). Let f be (-123)/18 - 1/6. What is the units digit of k(f)?
1
What is the units digit of (-94 + -3 + 4)*4/(-3)?
4
Let p(b) = 5*b**3 + 2*b**2 - b - 4. Suppose -k + 8 = -2*k + 5*r, -k = 5*r - 12. What is the tens digit of p(k)?
4
Suppose -2*v = 2*v - 4*w - 100, 0 = 4*v + w - 100. Suppose -26 = n + 4*p, -n - 84 = 4*n - 3*p. Let h = v + n. What is the units digit of h?
7
Suppose -2*a + 7*a - 155 = 0. What is the tens digit of a?
3
Suppose 2*j - 6*j + 36 = 0. What is the units digit of j?
9
Let h(r) = -43*r**2 + r. Let v be h(-1). Let m = 63 + v. Suppose -i - 2*d + m = 0, 5*i + 5*d - 4*d - 50 = 0. What is the units digit of i?
9
Let q(w) = -w**2 - 11*w + 15. Let c be q(-12). Suppose -c*r - 7 = -4*r. What is the units digit of r?
7
Suppose 0 = 2*y - 3*v + 1, -5*y - v - 4 = -27. Suppose -y*d + 9*d = 20. What is the units digit of d?
4
Let n = 1 + 1. Suppose -4 = -n*l + 2. What is the units digit of (l/(-6))/((-1)/2)?
1
Let x(g) be the second derivative of -2*g + 1/6*g**3 + 9/2*g**2 + 0. What is the units digit of x(0)?
9
Let n = 15 + -10. Let o = 8 - n. Suppose -3 = -3*j + o. What is the units digit of j?
2
Let p be 81/(-3)*(-1)/3. Let a be (-9)/(-2) - 4/8. Suppose -p = -5*y + a*y. What is the units digit of y?
9
Suppose -5*n = -n + 8. What is the units digit of 42 + (-1 - n) + -4?
9
Suppose 25 = 6*o - 5. What is the units digit of o?
5
Let b = 23 - 9. Let f be 10/(-35) - (-172)/b. Let w = f - 3. What is the units digit of w?
9
Suppose k = -s + 3, 13 = 4*s - k - 9. Suppose 3*f - 8 = s*z, 3*z - 2 = -4*f - f. What is the units digit of f?
1
Let d = -60 + 122. What is the units digit of d?
2
Let a(x) = 0*x - x**2 + 2*x + x**3 + 5*x**2. Let j be a(-3). Let m = 6 - j. What is the units digit of m?
3
Let z be (5 - -1)/((-15)/(-20)). Suppose z = q - 0*q. What is the units digit of q?
8
Let k = 10 - 5. Let h = 5 - k. Suppose h*q = -q + 3. What is the units digit of q?
3
Suppose -3*o - o + 16 = 0. Suppose -2*k - 7 = -1. Let n = k + o. What is the units digit of n?
1
Let x = -28 + 22. Let k(r) = -8*r - r + r - r**2 - 9. What is the units digit of k(x)?
3
Let h(l) = -l**3 - 3*l**2 + 5*l - 4. Let j(d) = d**2 - 3*d - 4. Let i be j(5). Let r(a) = -a**2 + 6*a - 5. Let s be r(i). What is the units digit of h(s)?
1
Suppose 0*y - 3*y = 6. What is the units digit of (-102)/(-6) - (-1 - y)?
6
Let k(b) = b + 1. Suppose 0 = 4*z + z + 5. Let u be k(z). Suppose u*v = -v + 6. What is the units digit of v?
6
Let z = -59 + 29. Let l = 49 + z. What is the units digit of l?
9
Let j be ((-2)/(-3))/((-6)/(-225)). Suppose 0 = -2*t + 5*m + j, -t = -5*t - 4*m + 8. Suppose 0*c = -t*c + 75. What is the units digit of